 factors of 145592.
2, 18199
What are the prime factors of 2385?
3, 5, 53
List the prime factors of 70830.
2, 3, 5, 787
What are the prime factors of 2022?
2, 3, 337
List the prime factors of 7323.
3, 2441
What are the prime factors of 997?
997
What are the prime factors of 4435?
5, 887
List the prime factors of 3841.
23, 167
What are the prime factors of 217?
7, 31
List the prime factors of 5470.
2, 5, 547
What are the prime factors of 5354?
2, 2677
List the prime factors of 75136.
2, 587
List the prime factors of 25232.
2, 19, 83
What are the prime factors of 1597?
1597
What are the prime factors of 2077?
31, 67
List the prime factors of 97528.
2, 73, 167
List the prime factors of 967.
967
List the prime factors of 22939.
7, 29, 113
List the prime factors of 658.
2, 7, 47
List the prime factors of 331.
331
List the prime factors of 3988.
2, 997
List the prime factors of 67611.
3, 31, 727
List the prime factors of 102.
2, 3, 17
What are the prime factors of 28444?
2, 13, 547
List the prime factors of 49354.
2, 24677
What are the prime factors of 1954?
2, 977
What are the prime factors of 479?
479
List the prime factors of 5155.
5, 1031
What are the prime factors of 24006?
2, 3, 4001
List the prime factors of 561.
3, 11, 17
What are the prime factors of 159?
3, 53
List the prime factors of 2232.
2, 3, 31
What are the prime factors of 10252?
2, 11, 233
What are the prime factors of 61764?
2, 3, 5147
What are the prime factors of 53473?
7, 7639
What are the prime factors of 19239?
3, 11, 53
What are the prime factors of 2383?
2383
List the prime factors of 2981.
11, 271
What are the prime factors of 9505?
5, 1901
List the prime factors of 66608.
2, 23, 181
What are the prime factors of 3190?
2, 5, 11, 29
List the prime factors of 25487.
7, 11, 331
What are the prime factors of 5338?
2, 17, 157
List the prime factors of 5673.
3, 31, 61
What are the prime factors of 2847?
3, 13, 73
List the prime factors of 26590.
2, 5, 2659
What are the prime factors of 24755?
5, 4951
List the prime factors of 6170.
2, 5, 617
What are the prime factors of 34837?
11, 3167
What are the prime factors of 67598?
2, 73, 463
What are the prime factors of 4924?
2, 1231
What are the prime factors of 1316?
2, 7, 47
What are the prime factors of 2135?
5, 7, 61
List the prime factors of 2521.
2521
List the prime factors of 5478.
2, 3, 11, 83
List the prime factors of 6157.
47, 131
What are the prime factors of 6284?
2, 1571
List the prime factors of 3600.
2, 3, 5
List the prime factors of 12737.
47, 271
List the prime factors of 36884.
2, 9221
What are the prime factors of 47951?
47951
What are the prime factors of 132645?
3, 5, 37, 239
List the prime factors of 7468.
2, 1867
List the prime factors of 4445.
5, 7, 127
List the prime factors of 25412.
2, 6353
What are the prime factors of 62779?
67, 937
List the prime factors of 886.
2, 443
What are the prime factors of 6753?
3, 2251
List the prime factors of 49582.
2, 13, 1907
List the prime factors of 133224.
2, 3, 7, 13, 61
What are the prime factors of 2243?
2243
What are the prime factors of 100?
2, 5
What are the prime factors of 5966?
2, 19, 157
What are the prime factors of 9434?
2, 53, 89
List the prime factors of 5340.
2, 3, 5, 89
List the prime factors of 4563.
3, 13
What are the prime factors of 10913?
7, 1559
What are the prime factors of 908?
2, 227
What are the prime factors of 527?
17, 31
List the prime factors of 17948.
2, 7, 641
List the prime factors of 2049.
3, 683
List the prime factors of 5022.
2, 3, 31
List the prime factors of 864.
2, 3
List the prime factors of 51209.
41, 1249
What are the prime factors of 1091?
1091
What are the prime factors of 25731?
3, 953
What are the prime factors of 249?
3, 83
What are the prime factors of 334?
2, 167
List the prime factors of 6256.
2, 17, 23
List the prime factors of 1707.
3, 569
List the prime factors of 194.
2, 97
List the prime factors of 46083.
3, 15361
List the prime factors of 327.
3, 109
What are the prime factors of 18685?
5, 37, 101
What are the prime factors of 89150?
2, 5, 1783
List the prime factors of 5332.
2, 31, 43
What are the prime factors of 689?
13, 53
What are the prime factors of 3247?
17, 191
What are the prime factors of 14401?
14401
List the prime factors of 6709.
6709
List the prime factors of 9353.
47, 199
List the prime factors of 25228.
2, 7, 17, 53
What are the prime factors of 6083?
7, 11, 79
List the prime factors of 1162.
2, 7, 83
List the prime factors of 9031.
11, 821
What are the prime factors of 117858?
2, 3, 13, 1511
What are the prime factors of 7243?
7243
What are the prime factors of 352?
2, 11
List the prime factors of 4532.
2, 11, 103
List the prime factors of 1232.
2, 7, 11
What are the prime factors of 4318?
2, 17, 127
List the prime factors of 20667.
3, 83
List the prime factors of 889.
7, 127
List the prime factors of 60101.
60101
What are the prime factors of 5455?
5, 1091
What are the prime factors of 53386?
2, 26693
List the prime factors of 542.
2, 271
What are the prime factors of 448?
2, 7
List the prime factors of 2441.
2441
List the prime factors of 770.
2, 5, 7, 11
What are the prime factors of 7872?
2, 3, 41
List the prime factors of 1698.
2, 3, 283
What are the prime factors of 21297?
3, 31, 229
What are the prime factors of 32380?
2, 5, 1619
What are the prime factors of 33618?
2, 3, 13, 431
What are the prime factors of 715?
5, 11, 13
List the prime factors of 510.
2, 3, 5, 17
List the prime factors of 597.
3, 199
List the prime factors of 1180.
2, 5, 59
What are the prime factors of 9063?
3, 19, 53
What are the prime factors of 107199?
3, 43, 277
What are the prime factors of 176205?
3, 5, 17, 691
What are the prime factors of 11264?
2, 11
What are the prime factors of 166815?
3, 5, 11, 337
List the prime factors of 886.
2, 443
List the prime factors of 13749.
3, 4583
List the prime factors of 115281.
3, 12809
What are the prime factors of 34988?
2, 8747
List the prime factors of 1898.
2, 13, 73
List the prime factors of 1252.
2, 313
What are the prime factors of 115477?
37, 3121
What are the prime factors of 837?
3, 31
What are the prime factors of 368?
2, 23
What are the prime factors of 2152?
2, 269
List the prime factors of 58.
2, 29
List the prime factors of 66597.
3, 79, 281
List the prime factors of 26246.
2, 11, 1193
What are the prime factors of 207?
3, 23
List the prime factors of 1147.
31, 37
List the prime factors of 1843.
19, 97
What are the prime factors of 756?
2, 3, 7
What are the prime factors of 1770?
2, 3, 5, 59
What are the prime factors of 4343?
43, 101
What are the prime factors of 45798?
2, 3, 17, 449
List the prime factors of 852.
2, 3, 71
List the prime factors of 30576.
2, 3, 7, 13
List the prime factors of 25374.
2, 3, 4229
List the prime factors of 848.
2, 53
List the prime factors of 1884.
2, 3, 157
What are the prime factors of 9856?
2, 7, 11
What are the prime factors of 1101?
3, 367
List the prime factors of 6368.
2, 199
What are the prime factors of 13136?
2, 821
List the prime factors of 1360.
2, 5, 17
List the prime factors of 48157.
48157
What are the prime factors of 1196?
2, 13, 23
What are the prime factors of 10737?
3, 1193
List the prime factors of 1264.
2, 79
What are the prime factors of 35970?
2, 3, 5, 11, 109
List the prime factors of 780.
2, 3, 5, 13
What are the prime factors of 29458?
2, 11, 13, 103
List the prime factors of 41852.
2, 10463
List the prime factors of 825.
3, 5, 11
What are the prime factors of 1155?
3, 5, 7, 11
What are the prime factors of 54589?
79, 691
List the prime factors of 46.
2, 23
List the prime factors of 46222.
2, 11, 191
List the prime factors of 3355.
5, 11, 61
What are the prime factors of 4208?
2, 263
List the prime factors of 1224.
2, 3, 17
List the prime factors of 104.
2, 13
List the prime factors of 868.
2, 7, 31
What are the prime factors of 5206?
2, 19, 137
What are the prime factors of 7020?
2, 3, 5, 13
What are the prime factors of 1586?
2, 13, 61
List the prime factors of 2059.
29, 71
List the prime factors of 2997.
3, 37
What are the prime factors of 29433?
3, 9811
List the prime factors of 5071.
11, 461
List the prime factors of 2107.
7, 43
What are the prime factors of 7360?
2, 5, 23
List the prime factors 